e
Is 5414413 a composite number?
False
Is 192578671 prime?
False
Is 18435401 a composite number?
False
Is 120267781 composite?
False
Is 23359541 a prime number?
True
Is 36312613 composite?
True
Is 45135503 a prime number?
False
Is 733687 composite?
False
Is 18269399 prime?
False
Is 106571039 composite?
False
Is 1240793 prime?
True
Is 23939653 a prime number?
True
Is 120654322 prime?
False
Is 3652819 prime?
True
Is 387216617 prime?
False
Is 15619 composite?
False
Is 31444963 composite?
True
Is 76289503 prime?
False
Is 15664613 a prime number?
False
Is 1376503 composite?
False
Is 3947297 a composite number?
False
Is 153765961 prime?
True
Is 2100239 prime?
True
Is 22152643 prime?
True
Is 74699817 composite?
True
Is 2634158 composite?
True
Is 13997531 a composite number?
True
Is 1121599 composite?
False
Is 62120029 a prime number?
True
Is 91749419 a prime number?
True
Is 175822363 composite?
False
Is 2618411 a prime number?
True
Is 570842 composite?
True
Is 18834161 a composite number?
True
Is 96450481 a prime number?
True
Is 3371477 a prime number?
False
Is 63560563 a prime number?
False
Is 173761949 prime?
True
Is 160379165 a composite number?
True
Is 135429539 prime?
False
Is 9377077 prime?
False
Is 145061243 a composite number?
True
Is 9213733 composite?
False
Is 58866061 composite?
False
Is 66316183 composite?
False
Is 38543797 a prime number?
True
Is 1187928059 a composite number?
False
Is 68578859 prime?
False
Is 1708741 prime?
True
Is 7042361 composite?
True
Is 2856773 composite?
False
Is 58092799 composite?
True
Is 7837603 prime?
True
Is 26543411 prime?
True
Is 71492857 a composite number?
True
Is 39265921 composite?
True
Is 210624113 a composite number?
True
Is 13061459 a prime number?
True
Is 8966827 composite?
True
Is 83040377 prime?
False
Is 3691447 prime?
True
Is 555082523 prime?
True
Is 356663 a prime number?
True
Is 273167 prime?
False
Is 10267331 composite?
False
Is 3746318 prime?
False
Is 1632679 a prime number?
True
Is 4210663 composite?
True
Is 1737626335 a prime number?
False
Is 3282469 prime?
True
Is 5490901 a prime number?
False
Is 24480461 a composite number?
False
Is 32979209 a prime number?
False
Is 2636597 composite?
False
Is 277594901 composite?
False
Is 703335131 a composite number?
False
Is 9405151 a composite number?
True
Is 47653681 a prime number?
True
Is 12573349 a composite number?
True
Is 1293287 a prime number?
True
Is 2719777 a prime number?
False
Is 583727 a prime number?
True
Is 1611343 composite?
False
Is 350868431 a prime number?
True
Is 2848151 a prime number?
False
Is 2463143 composite?
False
Is 1143541 a prime number?
False
Is 9563117 composite?
False
Is 7488769 a prime number?
True
Is 3151277 prime?
False
Is 702508897 a prime number?
True
Is 88644427 prime?
True
Is 2585471 a prime number?
False
Is 526849 composite?
True
Is 4721 prime?
True
Is 30040297 prime?
False
Is 1782743 a prime number?
True
Is 4912759 a prime number?
False
Is 3702745 composite?
True
Is 521603 composite?
False
Is 27856601 a composite number?
True
Is 6270449 prime?
False
Is 25577087 prime?
False
Is 48921373 prime?
True
Is 1145773 a prime number?
True
Is 14217787 composite?
False
Is 6660911 a prime number?
True
Is 133883 a composite number?
True
Is 46171397 a composite number?
False
Is 66255797 composite?
True
Is 1305011 prime?
True
Is 898687 prime?
False
Is 217704145 a prime number?
False
Is 192691157 composite?
True
Is 19405601 a composite number?
False
Is 26795707 prime?
True
Is 966559 a composite number?
True
Is 155779921 a prime number?
False
Is 522967717 prime?
False
Is 15844061 composite?
False
Is 25850159 prime?
False
Is 891067 prime?
True
Is 1071739 composite?
False
Is 56527507 composite?
False
Is 16617203 a prime number?
False
Is 25393 composite?
True
Is 645913 a composite number?
True
Is 119981429 a prime number?
False
Is 8635687 prime?
True
Is 130298321 composite?
True
Is 2344807 composite?
True
Is 9790747 a composite number?
False
Is 377497921 a prime number?
True
Is 369169 composite?
False
Is 2198047 a prime number?
False
Is 3969799 prime?
False
Is 6580031 a composite number?
False
Is 318395069 composite?
False
Is 143579563 a composite number?
False
Is 246439859 a composite number?
False
Is 924617 composite?
False
Is 2903717 a prime number?
True
Is 27920845 a composite number?
True
Is 720623 a composite number?
True
Is 255313 composite?
False
Is 12338723 a composite number?
True
Is 1865707 a prime number?
False
Is 25381133 a composite number?
True
Is 9211555 prime?
False
Is 8680099 prime?
True
Is 89293 a composite number?
False
Is 30022507 a composite number?
False
Is 23812471 a composite number?
True
Is 1523549 a composite number?
True
Is 6036187 composite?
False
Is 4339373 prime?
False
Is 4551413 a composite number?
False
Is 5898173 prime?
False
Is 7605707 composite?
False
Is 153425263 a composite number?
False
Is 33803249 a composite number?
False
Is 559117189 prime?
False
Is 599661401 a composite number?
False
Is 33121613 a composite number?
True
Is 2771 composite?
True
Is 5479154 a prime number?
False
Is 1324403 prime?
True
Is 221846303 a composite number?
True
Is 2385847 composite?
False
Is 233239997 a prime number?
True
Is 4699249 a prime number?
False
Is 13930861 a prime number?
False
Is 15156677 a prime number?
True
Is 110136617 prime?
True
Is 201831611 composite?
False
Is 2954257 a prime number?
False
Is 624514063 composite?
False
Is 11836465 prime?
False
Is 31413073 a composite number?
True
Is 13205303 prime?
True
Is 184603843 composite?
False
Is 399330797 a prime number?
True
Is 12908407 composite?
True
Is 16788529 prime?
True
Is 9493909 prime?
True
Is 114302819 a prime number?
False
Is 2556029 composite?
True
Is 3042119 a composite number?
True
Is 148612337 a composite number?
True
Is 59731409 prime?
False
Is 75542219 a composite number?
True
Is 204454409 a composite number?
False
Is 3373001 prime?
True
Is 7535477 a prime number?
True
Is 118787 a prime number?
True
Is 14212763 prime?
True
Is 55076547 composite?
True
Is 2439083 a prime number?
True
Is 1528679 a prime number?
False
Is 13203527 a composite number?
False
Is 207802405 a composite number?
True
Is 64129397 a composite number?
True
Is 8336441 prime?
False
Is 1513279 composite?
True
Is 317749189 a prime number?
False
Is 14905637 composite?
True
Is 9446321 prime?
True
Is 14776334 a composite number?
True
Is 1069631 a composite number?
False
Is 46475137 prime?
True
Is 1277971 prime?
True
Is 838003 a composite number?
False
Is 13827833 composite?
False
Is 1353494 a prime number?
False
Is 8922867 prime?
False
Is 387929 prime?
False
Is 104279719 composite?
False
Is 8193961 a composite number?
False
Is 30092871 composite?
True
Is 22377647 a prime number?
False
Is 427900531 prime?
True
Is 6513281 prime?
True
Is 28592947 composite?
True
Is 15785611 composite?
False
Is 3485401 a prime number?
False
Is 558721 a composite number?
False
Is 646443191 prime?
True
Is 25438033 prime?
True
Is 34483661 a prime number?
True
Is 140733083 composite?
False
Is 928621857 composite?
True
Is 633507334 composite?
True
Is 1416029 a prime number?
True
Is 6826289 a prime number?
True
Is 2066767 a composite number?
False
Is 100451443 a prime number?
True
Is 575745221 a prime number?
True
Is 12268513 a composite number?
True
Is 320279 a composite number?
True
Is 1791247 composite?
False
Is 38187557 prime?
False
Is 4024681 composite?
True
Is 492925723 a composite number?
False
Is 8259787 composite?
False
Is 79134619 composite?
False
Is 6672983 a prime number?
False
Is 1588465 a prime number?
False
Is 1203329 composite?
False
Is 1191899 a prime number?
True
Is 103819813 prime?
False
Is 2143577 composite?
True
Is 140541103 composite?
True
Is 8106947 a prime number?
True
Is 660293 prime?
False
Is 212819161 prime?
False
Is 1166582 a prime number?
False
Is 465235 composite?
True
Is 373933279 composite?
True
Is 456193 a prime number?
True
Is 504821 prime?
True
Is 82559999 a composite number?
True
Is 272327623 composite?
False
Is 15315689 prime?
True
Is 1624969 a prime number?
True
Is 40922447 prime?
False
Is 32208493 prime?
False
Is 47151869 a prime number?
True
Is 543677 prime?
False
Is 15731965 composite?
True
Is 647203 composite?
True
Is 528813343 prime?
True
Is 4064159 a composi